 is divided by 180/144*(-24)/(-15)?
0
Let j = -166 - -168. Suppose 4*n - 494 = -j*c + 188, 0 = 4*c + 3*n - 1369. Calculate the remainder when c is divided by 69.
67
Suppose 0 = -5*s + 2*m + 60, -4*s + 37 = -5*m - 11. Calculate the remainder when 77 is divided by s.
5
Suppose -23*u + 4816 = 5*u. What is the remainder when u is divided by (-46)/(-345) + (-1226)/(-30)?
8
Let i(c) = -19*c**3 + 4*c**2 + 2*c - 5. What is the remainder when i(-2) is divided by 65?
29
Suppose o = 3*r + 273, 4*o - r = o + 803. What is the remainder when 285 is divided by o?
18
Suppose -5*o = -c - 17, -7*o + 2*o - 143 = 4*c. Calculate the remainder when 105 is divided by (6 + 30/(-12))*c/(-7).
9
Let c = -82 - -17. Suppose 296 = z - 5*z. Let g = c - z. Calculate the remainder when g is divided by 2.
1
Let p = -154 + 162. Calculate the remainder when (-2)/(p/(-4))*27 is divided by 7.
6
Let c = 13897 + -12705. What is the remainder when c is divided by 203?
177
Suppose -4*j + 158 = -m - 2*m, 5*j = -3*m + 184. Suppose 8 = -p + 2*l, 13*p + 5*l = 12*p + 104. What is the remainder when j is divided by p?
14
What is the remainder when 7 - 3 - 5 - -178 is divided by ((-10)/6)/((-119 - -114) + 29/6)?
7
Let w(r) = 4*r**2 - 24*r - 23. Suppose -15*p = -139 - 41. What is the remainder when w(p) is divided by (-20 - 1/(-1))/(-1)?
18
Calculate the remainder when (-2 + -50 - 3)*-2 is divided by (-27)/18*((-11330)/462 - 2/14).
36
Let o be (18 - 109) + 1/1. Let v be (-6)/27 - -8*(-295)/o. Suppose 6*l + v = 254. Calculate the remainder when l is divided by 10.
8
Suppose 53*h - 49*h = 3*d - 2009, -3*d = 6*h - 2079. What is the remainder when d is divided by 57?
52
Let n be ((-3243)/(-115))/((-2)/(-20)). Suppose -19*s + 307 = -n. Calculate the remainder when 55 is divided by s.
24
Suppose j = -3*h + 39, -5*h - 350 = -4*j - 177. What is the remainder when 238 is divided by j?
28
Suppose 4*l + 3*w - 55 = 0, -5 = -7*w + 2*w. Suppose -b + 4*z = -41, -3*z + l = -5*b + 150. Calculate the remainder when b is divided by 14.
11
Let w(d) = -d**3 - 2*d**2 + 5*d + 11. Let n(m) = m**3 - 10*m**2 + 4*m + 10. Let r be n(9). What is the remainder when w(-4) is divided by ((-42)/r)/(2/15)?
5
Suppose -p = -3*k + 94, 0*p = -3*k - 3*p + 78. Let h be (-3 + 1*(-16)/(-4))*12. Suppose -h*m - 267 = -15*m. What is the remainder when m is divided by k?
29
Let y(i) be the first derivative of i**3/3 + 5*i**2/2 + i - 8. Let h(z) = z**2 - 4*z - 6. Let m be h(4). What is the remainder when y(m) is divided by 5?
2
Let z be 12/(4 + (-4 - (-4)/2)). Calculate the remainder when 264 is divided by 17 - 1*(z + -3).
12
Let h = -69 + 98. Let y = 141 - 32. Calculate the remainder when y is divided by h.
22
Let l(c) = 6*c**2 - 56*c - 9. Let a be l(10). Let n = -21 + a. Calculate the remainder when 89 is divided by n.
9
Let c = -2 + 1. Let m = -1296 + 1261. Let b = c - m. What is the remainder when b is divided by 7?
6
Let o = 110 + -54. Suppose 16*n + o = 17*n. What is the remainder when n is divided by 12?
8
Let o(z) = z**2 + 71*z - 57. What is the remainder when 3268 is divided by o(-72)?
13
Let n(f) = -2487*f - 1459. What is the remainder when n(-1) is divided by 10?
8
Let x(o) = -4*o**3 + 40*o**2 + 85*o + 3. Calculate the remainder when 588 is divided by x(-2).
13
Let s = 70 - 68. Suppose 0 = -s*x - l + 298, -x + 3*l + 298 = x. Suppose y + 845 = 5*r, 5*r - x = 2*y + 696. What is the remainder when r is divided by 43?
40
Suppose -14*g + 50 = -90 + 14. Calculate the remainder when 6244 is divided by g.
7
Suppose -253 + 357 = 2*j + 2*n, -116 = -2*j - 5*n. What is the remainder when 397 is divided by j?
13
Suppose 86 + 754 = -5*b. Let i = b - -197. Calculate the remainder when i is divided by 3.
2
Let v = -244 - -235. What is the remainder when 32 is divided by 12 - (1*-4 - (0 + v))?
4
Suppose 5*p - 2*p = -3*o + 75, 3*o - 105 = 3*p. Suppose f = 7*f - o. What is the remainder when 37 is divided by f?
2
Suppose 3*y + 234 = 3*t, -8*t = -3*t + 5*y - 390. Suppose u = 5*j + 2, -14*j + 11*j + t = 3*u. Calculate the remainder when 240 is divided by u.
20
Suppose 0 = -j + 4*u - 1, -2*j = -0*u + u - 7. Suppose -j*l = 5*q + 2*l - 345, -2*q = 3*l - 140. Calculate the remainder when q is divided by 8.
3
Let n be (2 + 1)/((-6)/4). What is the remainder when (-128)/6*3/(-8) is divided by 10*((-39)/(-15) + n)?
2
Suppose -4*j = 5*m + j - 265, 157 = 3*m + 2*j. Let b = -93 - -93. Suppose b*y + 16 = 2*l - 2*y, 4*y - 10 = -3*l. Calculate the remainder when m is divided by l.
3
Suppose 58*h + 651 = 51*h. Let y = h + 102. Calculate the remainder when 95 is divided by y.
5
Let y = -20652 + 20716. Calculate the remainder when 355 is divided by y.
35
Let s be 7 + (-1 - -2) + -2. Suppose 22*i - 24*i = -s. Suppose 3*v = 15, -i*o - 7*v = -2*v - 49. Calculate the remainder when 39 is divided by o.
7
Suppose 57*t = 55*t - 4*c + 220, 4*c = -8. Calculate the remainder when 11170 is divided by t.
112
Let q = -85 - -130. Let b(w) = 3*w + 29. What is the remainder when b(18) is divided by q?
38
Let z(y) = -8*y - 19. Let d(c) = -2*c**2 + 5*c + 84. Let v be d(8). Calculate the remainder when 1468 is divided by z(v).
12
Suppose 2*m - 5*i + 23 = 0, -642*i = -m - 640*i - 7. Calculate the remainder when 7274 is divided by m.
3
Let j = 533 + -525. Calculate the remainder when (4/j)/((-1)/(-44)) is divided by 4.
2
Calculate the remainder when 1652903/70 + (-186)/(-310)*1/6 is divided by 82.
79
Suppose 2*u - 322 = 5*k, -2*k = -113*u + 112*u + 159. What is the remainder when u is divided by 94?
57
Let b = 4285 - 3784. What is the remainder when b is divided by 12?
9
Let o be 5*33/(-15)*-9. Suppose 4*v + 6 + 6 = 0, -w + 5*v = -o. Suppose 85*z - w*z = 214. Calculate the remainder when z is divided by 27.
25
Let t be (354/(-48) + 7)/(1/(-8)). Suppose t*k + 55 = l + 5*k, -4*l = -4*k - 184. What is the remainder when l is divided by 3?
1
Let d = 45 - -230. Suppose 1015 = 6*i - d. What is the remainder when i is divided by 18?
17
Let p(a) = 2*a**2 + a + 3. Let f = -27 + 133. Suppose 49 = 5*n - f. What is the remainder when n is divided by p(-3)?
13
Suppose 2*x + x = 321. Suppose -h + 4 = 2*a, -4*a = -h + 2 + 2. Suppose -2*m - 5*o = -99, -o = 2*m - h*o - 59. Calculate the remainder when x is divided by m.
33
Suppose 0 = -8*w + 34 + 294. Let r = w - 61. Let b = r - -49. What is the remainder when 109 is divided by b?
22
Let i = 3 + -1. Let z(t) = -5*t**2 + 2*t - 1. Let q(j) = -5*j**2 + j. Let r(x) = 4*q(x) - 5*z(x). Calculate the remainder when 102 is divided by r(i).
11
Suppose 2*k + 725 = 5*g, -6*k + k + 5*g - 1775 = 0. Let z = -342 - k. What is the remainder when 0/(-1 - -2) + 31 is divided by z?
7
Suppose -5*i = -3*i - 158. Let o(z) = z**2 - 16*z + 13. Calculate the remainder when i is divided by o(17).
19
Suppose 3*k = w - 24, -7 = -2*w - 3*k + 5. Suppose w*p - 64 = 10*p. Let m = p + -24. Calculate the remainder when m is divided by 5.
3
What is the remainder when (-16 + 32 + -37)*(0 + 22/(-3)) is divided by 40?
34
Let p = -779 + 786. Calculate the remainder when 80 is divided by p.
3
Suppose 947*b = 1040*b - 930. Suppose 3*d + 2*a = 35, -a = d - 0*d - 12. What is the remainder when d is divided by b?
1
Suppose -5 = 3*p + 19. What is the remainder when 296 is divided by 91 + 1 + (-7 - p - -1)?
14
Suppose -71*s + 2*b - 239 = -72*s, 4*b = -20. What is the remainder when s is divided by 10?
9
Suppose 0 = 3*q + 4*y - 26, -15*q = -12*q + 2*y - 22. Suppose m = 4*n - 16, n - q*n = m - 29. Let z = -28 + 57. Calculate the remainder when z is divided by m.
1
What is the remainder when -1*(187090/(-330) - 4/66) is divided by 137?
19
Let z = -36900 - -38856. What is the remainder when z is divided by 43?
21
Suppose 0 = -v + 65 + 92. What is the remainder when v is divided by 105/(-140) + (-215)/(-4)?
51
Suppose 0 = -2*j + 68 + 10. Suppose 0*h = 5*h - 90. Calculate the remainder when j is divided by 118/6 + 24/h.
18
Let o = 137 + -44. Suppose -m + 13 - 1 = 4*p, 12 = 4*p. Suppose -2*v + 31 + 17 = m. Calculate the remainder when o is divided by v.
21
Let t = -3935 + 3945. Calculate the remainder when 8139 is divided by t.
9
Let o = 94 - 90. Suppose 3*t = 5*t - c - 64, 0 = -o*t - c + 116. Suppose 3*v + 2*m = 57, -m - 8 - t = -2*v. What is the remainder when v is divided by 10?
9
Calculate the 